{"id":337,"date":"2017-11-01T12:07:15","date_gmt":"2017-11-01T12:07:15","guid":{"rendered":"https:\/\/kgrotgold.de\/?page_id=337"},"modified":"2024-10-25T16:21:39","modified_gmt":"2024-10-25T16:21:39","slug":"aktivitaeten","status":"publish","type":"page","link":"https:\/\/kgrotgold.de\/?page_id=337","title":{"rendered":"Senat"},"content":{"rendered":"\n<figure class=\"wp-block-table has-small-font-size\"><table class=\"has-fixed-layout\"><tbody><tr><td><strong>Amt<\/strong><\/td><td><strong>Name<\/strong><\/td><td><strong>E-Mail<\/strong><\/td><\/tr><tr><td>Senatspr\u00e4sident<\/td><td>Fred Sch\u00fcller<\/td><td>&nbsp;<\/td><\/tr><tr><td>1. stellv. Senatspr\u00e4sident<\/td><td>Harald Scheidemacher<\/td><td>&nbsp;<\/td><\/tr><tr><td>2. stellv. Senatspr\u00e4sident<\/td><td>Heinrich Dinslaken<\/td><td>&nbsp;<\/td><\/tr><\/tbody><\/table><\/figure>\n\n\n\n<p class=\"has-text-align-center\"><span class=\"mb_text\"><\/span>Auch in der vergangenen Session konnten wir wieder neue Senatoren ernennen. Wir begr\u00fc\u00dfen alle neuen Senatoren und freuen uns auf die kommenden Sessionen.<\/p>\n\n\n<div class=\"wp-block-image\">\n<figure class=\"aligncenter size-full is-resized\"><img decoding=\"async\" loading=\"lazy\" src=\"https:\/\/kgrotgold.de\/wp-content\/uploads\/2023\/03\/grafik-3.png\" alt=\"\" class=\"wp-image-2042\" width=\"272\" height=\"127\"\/><\/figure><\/div>\n\n\n<div class=\"is-layout-constrained wp-block-group\"><div class=\"wp-block-group__inner-container\">\n<figure class=\"wp-block-table is-style-regular has-small-font-size\"><table><tbody><tr><td><strong>Herr<\/strong><\/td><td><strong>Bongartz<\/strong><\/td><td><strong>Ulrich<\/strong><\/td><td><strong>&nbsp;<\/strong><\/td><\/tr><tr><td><strong>Herr<\/strong><\/td><td><strong>Breuer<\/strong><\/td><td><strong>Karl-Heinz<\/strong><\/td><td><\/td><\/tr><tr><td><strong>Herr<\/strong><\/td><td><strong>Br\u00f6ker<\/strong><\/td><td><strong>Ralf<\/strong><\/td><td><strong>&nbsp;<\/strong><\/td><\/tr><tr><td><strong>Herr<\/strong><\/td><td><strong>Cremer<\/strong><\/td><td><strong>Gerhard<\/strong><\/td><td><strong>&nbsp;<\/strong><\/td><\/tr><tr><td><strong>Herr<\/strong><\/td><td><strong>Dinslaken<\/strong><\/td><td><strong>Heinrich<\/strong><\/td><td><strong>2.<\/strong> <strong>stellv. Senatspr\u00e4sident<\/strong><\/td><\/tr><tr><td><strong>Herr<\/strong><\/td><td><strong>Fassbender<\/strong><\/td><td><strong>Christoph<\/strong><\/td><td><strong>&nbsp;<\/strong><\/td><\/tr><tr><td><strong>Herr<\/strong><\/td><td><strong>Frantzen<\/strong><\/td><td><strong>J\u00fcrgen<\/strong><\/td><td><strong>&nbsp;<\/strong><\/td><\/tr><tr><td><strong>Herr<\/strong><\/td><td><strong>Gormanns<\/strong><\/td><td><strong>Heinz<\/strong><\/td><td><strong>&nbsp;<\/strong><\/td><\/tr><tr><td><strong>Herr<\/strong><\/td><td><strong>Hilgers<\/strong><\/td><td><strong>Herbert<\/strong><\/td><td><strong>&nbsp;<\/strong><\/td><\/tr><tr><td><strong>Herr<\/strong><\/td><td><strong>Hoven<\/strong><\/td><td><strong>Matthias<\/strong><\/td><td><strong>&nbsp;<\/strong><\/td><\/tr><tr><td><strong>Herr<\/strong><\/td><td><strong>Hompesch<\/strong><\/td><td><strong>Thorsten<\/strong><\/td><td><strong>&nbsp;<\/strong><\/td><\/tr><tr><td><strong>Frau<\/strong><\/td><td><strong>Jansen<\/strong><\/td><td><strong>Sabine<\/strong><\/td><td><strong>&nbsp;<\/strong><\/td><\/tr><tr><td><strong>Frau<\/strong><\/td><td><strong>Keldenich<\/strong><\/td><td><strong>Sabrina<\/strong><\/td><td><strong>&nbsp;<\/strong><\/td><\/tr><tr><td><strong>Herr<\/strong><\/td><td><strong>K\u00f6nigs<\/strong><\/td><td><strong>Konrad<\/strong><\/td><td><strong>&nbsp;<\/strong><\/td><\/tr><tr><td><strong>Herr<\/strong><\/td><td><strong>K\u00fchner<\/strong><\/td><td><strong>Hans-Dieter<\/strong><\/td><td><strong>&nbsp;<\/strong><\/td><\/tr><tr><td><strong>Herr<\/strong><\/td><td><strong>Kibilka<\/strong><\/td><td><strong>David<\/strong><\/td><td><strong>&nbsp;<\/strong><\/td><\/tr><tr><td><strong>Herr<\/strong><\/td><td><strong>K\u00fcpper<\/strong><\/td><td><strong>Hubert<\/strong><\/td><td><strong>&nbsp;<\/strong><\/td><\/tr><tr><td><strong>Herr<\/strong><\/td><td><strong>K\u00fcpper<\/strong><\/td><td><strong>G\u00fcnther<\/strong><\/td><td><strong>&nbsp;<\/strong><\/td><\/tr><tr><td><strong>Herr<\/strong><\/td><td><strong>Langguth<\/strong><\/td><td><strong>Dieter<\/strong><\/td><td><strong>&nbsp;<\/strong><\/td><\/tr><tr><td><strong>Frau<\/strong><\/td><td><strong>Marcias Luca<\/strong><\/td><td><strong>Esmeralda<\/strong><\/td><td><strong>&nbsp;<\/strong><\/td><\/tr><tr><td><strong>Herr<\/strong><\/td><td><strong>M\u00fcllejans<\/strong><\/td><td><strong>Sven<\/strong><\/td><td><strong>&nbsp;<\/strong><\/td><\/tr><tr><td><strong>Herr<\/strong><\/td><td><strong>M\u00fcller<\/strong><\/td><td><strong>Wolfgang<\/strong><\/td><td><strong>&nbsp;<\/strong><\/td><\/tr><tr><td><strong>Herr<\/strong><\/td><td><strong>Niehsen<\/strong><\/td><td><strong>Michael<\/strong><\/td><td><strong>&nbsp;<\/strong><\/td><\/tr><tr><td><strong>Frau<\/strong><\/td><td><strong>Niehsen-Weck<\/strong><\/td><td><strong>Christiane<\/strong><\/td><td><strong>&nbsp;<\/strong><\/td><\/tr><tr><td><strong>Herr<\/strong><\/td><td><strong>Nowak<\/strong><\/td><td><strong>Andr\u00e9<\/strong><\/td><td><strong>&nbsp;<\/strong><\/td><\/tr><tr><td><strong>Frau<\/strong><\/td><td><strong>Nowak<\/strong><\/td><td><strong>Maria Amparo<\/strong><\/td><td><\/td><\/tr><tr><td><strong>Herr<\/strong><\/td><td><strong>Och<\/strong><\/td><td><strong>Erik Franz Horst<\/strong><\/td><td><strong>&nbsp;<\/strong><\/td><\/tr><tr><td><strong>Herr<\/strong><\/td><td><strong>Paar<\/strong><\/td><td><strong>Michael<\/strong><\/td><td><\/td><\/tr><tr><td><strong>Herr<\/strong><\/td><td><strong>Page<\/strong><\/td><td><strong>Mario<\/strong><\/td><td><\/td><\/tr><tr><td><strong>Frau <\/strong><\/td><td><strong>Paulsen-Prinz<\/strong><\/td><td><strong>Renate<\/strong><\/td><td><\/td><\/tr><tr><td><strong>Herr<\/strong><\/td><td><strong>Pawlak<\/strong><\/td><td><strong>Alexander<\/strong><\/td><td><\/td><\/tr><tr><td><strong>Herr<\/strong><\/td><td><strong>Prinz<\/strong><\/td><td><strong>Heinz-Harald<\/strong><\/td><td><strong>Gardist<\/strong><\/td><\/tr><tr><td><strong>Frau<\/strong><\/td><td><strong>Reuter<\/strong><\/td><td><strong>Gertrud<\/strong><\/td><td><strong>Ehrensenatorin<\/strong><\/td><\/tr><tr><td><strong>Herr<\/strong><\/td><td><strong>Scheidemacher<\/strong><\/td><td><strong>Harald<\/strong><\/td><td><strong>1. stellv. Senatspr\u00e4sident<\/strong><\/td><\/tr><tr><td><strong>Frau<\/strong><\/td><td><strong>Scheidemacher<\/strong><\/td><td><strong>Manuela<\/strong><\/td><td><\/td><\/tr><tr><td><strong>Frau<\/strong><\/td><td><strong>Schmitz<\/strong><\/td><td><strong>Annika<\/strong><\/td><td><\/td><\/tr><tr><td><strong>Herr<\/strong><\/td><td><strong>Schmitz<\/strong><\/td><td><strong>Manfred (Mike)<\/strong><\/td><td><\/td><\/tr><tr><td><strong>Herr<\/strong><\/td><td><strong>Schneider<\/strong><\/td><td><strong>Jens<\/strong><\/td><td><\/td><\/tr><tr><td><strong>Herr<\/strong><\/td><td><strong>Sch\u00fcller<\/strong><\/td><td><strong>Fred<\/strong><\/td><td><strong>Senatspr\u00e4sident<\/strong><\/td><\/tr><tr><td><strong>Frau<\/strong><\/td><td><strong>Sch\u00fcller<\/strong><\/td><td><strong>Michaela (Micky)<\/strong><\/td><td><\/td><\/tr><tr><td><strong>Herr<\/strong><\/td><td><strong>Sieben<\/strong><\/td><td><strong>Alexander<\/strong><\/td><td><\/td><\/tr><tr><td><strong>Frau<\/strong><\/td><td><strong>Smeets<\/strong><\/td><td><strong>Ulrike<\/strong><\/td><td><\/td><\/tr><tr><td><strong>Frau<\/strong><\/td><td><strong>Specht<\/strong><\/td><td><strong>Vera<\/strong><\/td><td><\/td><\/tr><tr><td><strong>Frau<\/strong><\/td><td><strong>Spenrath<\/strong><\/td><td><strong>Ulla<\/strong><\/td><td><strong>Ehrensenatorin<\/strong><\/td><\/tr><tr><td><strong>Frau<\/strong><\/td><td><strong>Thaler<\/strong><\/td><td><strong>Ute<\/strong><\/td><td><\/td><\/tr><tr><td><strong>Frau<\/strong><\/td><td><strong>von Wirth-Oktar<\/strong><\/td><td><strong>Daniela<\/strong><\/td><td><\/td><\/tr><tr><td><strong>Herr<\/strong><\/td><td><strong>Vukmanic<\/strong><\/td><td><strong>Josef<\/strong><\/td><td><\/td><\/tr><tr><td><strong>Herr<\/strong><\/td><td><strong>Wahn<\/strong><\/td><td><strong>Karl-Heinz<\/strong><\/td><td><\/td><\/tr><tr><td><strong>Frau<\/strong><\/td><td><strong>Winkels<\/strong><\/td><td><strong>Claudia<\/strong><\/td><td><\/td><\/tr><tr><td><strong>Herr<\/strong><\/td><td><strong>Wirtz<\/strong><\/td><td><strong>Oliver<\/strong><\/td><td><\/td><\/tr><tr><td><strong>Frau<\/strong><\/td><td><strong>Wirtz<\/strong><\/td><td><strong>Sarah<\/strong><\/td><td><\/td><\/tr><\/tbody><\/table><\/figure>\n\n\n<\/div><\/div>\n","protected":false},"excerpt":{"rendered":"<p>Amt Name E-Mail Senatspr\u00e4sident Fred Sch\u00fcller &nbsp; 1. stellv. Senatspr\u00e4sident Harald Scheidemacher &nbsp; 2. stellv. Senatspr\u00e4sident Heinrich Dinslaken &nbsp; Auch in der vergangenen Session konnten wir wieder neue Senatoren ernennen. Wir begr\u00fc\u00dfen alle neuen Senatoren und freuen uns auf die kommenden Sessionen. Herr Bongartz Ulrich &nbsp; Herr Breuer Karl-Heinz Herr Br\u00f6ker Ralf &nbsp; Herr Cremer [&hellip;]<\/p>\n","protected":false},"author":3,"featured_media":0,"parent":0,"menu_order":0,"comment_status":"closed","ping_status":"closed","template":"","meta":[],"_links":{"self":[{"href":"https:\/\/kgrotgold.de\/index.php?rest_route=\/wp\/v2\/pages\/337"}],"collection":[{"href":"https:\/\/kgrotgold.de\/index.php?rest_route=\/wp\/v2\/pages"}],"about":[{"href":"https:\/\/kgrotgold.de\/index.php?rest_route=\/wp\/v2\/types\/page"}],"author":[{"embeddable":true,"href":"https:\/\/kgrotgold.de\/index.php?rest_route=\/wp\/v2\/users\/3"}],"replies":[{"embeddable":true,"href":"https:\/\/kgrotgold.de\/index.php?rest_route=%2Fwp%2Fv2%2Fcomments&post=337"}],"version-history":[{"count":24,"href":"https:\/\/kgrotgold.de\/index.php?rest_route=\/wp\/v2\/pages\/337\/revisions"}],"predecessor-version":[{"id":2308,"href":"https:\/\/kgrotgold.de\/index.php?rest_route=\/wp\/v2\/pages\/337\/revisions\/2308"}],"wp:attachment":[{"href":"https:\/\/kgrotgold.de\/index.php?rest_route=%2Fwp%2Fv2%2Fmedia&parent=337"}],"curies":[{"name":"wp","href":"https:\/\/api.w.org\/{rel}","templated":true}]}}